[INFO] cloning repository https://github.com/Yayformee/chess
[INFO] running `Command { std: "git" "-c" "credential.helper=" "-c" "credential.helper=/workspace/cargo-home/bin/git-credential-null" "clone" "--bare" "https://github.com/Yayformee/chess" "/workspace/cache/git-repos/https%3A%2F%2Fgithub.com%2FYayformee%2Fchess", kill_on_drop: false }`
[INFO] [stderr] Cloning into bare repository '/workspace/cache/git-repos/https%3A%2F%2Fgithub.com%2FYayformee%2Fchess'...
[INFO] running `Command { std: "git" "rev-parse" "HEAD", kill_on_drop: false }`
[INFO] [stdout] 18ba414953344904f637981eec83b3613d55ef89
[INFO] checking Yayformee/chess against master#cfbc6d4cf1acbac5c025acf8ed68929caa551df3 for pr-75494-beta
[INFO] running `Command { std: "git" "clone" "/workspace/cache/git-repos/https%3A%2F%2Fgithub.com%2FYayformee%2Fchess" "/workspace/builds/worker-5/source", kill_on_drop: false }`
[INFO] [stderr] Cloning into '/workspace/builds/worker-5/source'...
[INFO] [stderr] done.
[INFO] validating manifest of git repo https://github.com/Yayformee/chess on toolchain cfbc6d4cf1acbac5c025acf8ed68929caa551df3
[INFO] running `Command { std: "/workspace/cargo-home/bin/cargo" "+cfbc6d4cf1acbac5c025acf8ed68929caa551df3" "read-manifest" "--manifest-path" "Cargo.toml", kill_on_drop: false }`
[INFO] started tweaking git repo https://github.com/Yayformee/chess
[INFO] finished tweaking git repo https://github.com/Yayformee/chess
[INFO] tweaked toml for git repo https://github.com/Yayformee/chess written to /workspace/builds/worker-5/source/Cargo.toml
[INFO] crate git repo https://github.com/Yayformee/chess already has a lockfile, it will not be regenerated
[INFO] running `Command { std: "/workspace/cargo-home/bin/cargo" "+cfbc6d4cf1acbac5c025acf8ed68929caa551df3" "fetch" "--locked" "--manifest-path" "Cargo.toml", kill_on_drop: false }`
[INFO] [stderr] error: the lock file /workspace/builds/worker-5/source/Cargo.lock needs to be updated but --locked was passed to prevent this
[INFO] [stderr] If you want to try to generate the lock file without accessing the network, use the --offline flag.
[INFO] the lockfile is outdated, regenerating it
[INFO] running `Command { std: "/workspace/cargo-home/bin/cargo" "+cfbc6d4cf1acbac5c025acf8ed68929caa551df3" "generate-lockfile" "--manifest-path" "Cargo.toml" "-Zno-index-update", kill_on_drop: false }`
[INFO] running `Command { std: "/workspace/cargo-home/bin/cargo" "+cfbc6d4cf1acbac5c025acf8ed68929caa551df3" "fetch" "--locked" "--manifest-path" "Cargo.toml", kill_on_drop: false }`
[INFO] running `Command { std: "docker" "create" "-v" "/var/lib/crater-agent-workspace/builds/worker-5/target:/opt/rustwide/target:rw,Z" "-v" "/var/lib/crater-agent-workspace/builds/worker-5/source:/opt/rustwide/workdir:ro,Z" "-v" "/var/lib/crater-agent-workspace/cargo-home:/opt/rustwide/cargo-home:ro,Z" "-v" "/var/lib/crater-agent-workspace/rustup-home:/opt/rustwide/rustup-home:ro,Z" "-e" "SOURCE_DIR=/opt/rustwide/workdir" "-e" "CARGO_TARGET_DIR=/opt/rustwide/target" "-e" "CARGO_HOME=/opt/rustwide/cargo-home" "-e" "RUSTUP_HOME=/opt/rustwide/rustup-home" "-w" "/opt/rustwide/workdir" "-m" "1610612736" "--user" "0:0" "--network" "none" "rustops/crates-build-env@sha256:a636fd89d022f18117e1dc8fb37a0a009933cdbbe082814857f0e2024962d47c" "/opt/rustwide/cargo-home/bin/cargo" "+cfbc6d4cf1acbac5c025acf8ed68929caa551df3" "metadata" "--no-deps" "--format-version=1", kill_on_drop: false }`
[INFO] [stdout] 27d0eab7b35c5cb8562f09d041490b2a1702661698b48363682e8fd84bbd2a92
[INFO] [stderr] WARNING: Your kernel does not support swap limit capabilities or the cgroup is not mounted. Memory limited without swap.
[INFO] running `Command { std: "docker" "start" "-a" "27d0eab7b35c5cb8562f09d041490b2a1702661698b48363682e8fd84bbd2a92", kill_on_drop: false }`
[INFO] running `Command { std: "docker" "inspect" "27d0eab7b35c5cb8562f09d041490b2a1702661698b48363682e8fd84bbd2a92", kill_on_drop: false }`
[INFO] running `Command { std: "docker" "rm" "-f" "27d0eab7b35c5cb8562f09d041490b2a1702661698b48363682e8fd84bbd2a92", kill_on_drop: false }`
[INFO] [stdout] 27d0eab7b35c5cb8562f09d041490b2a1702661698b48363682e8fd84bbd2a92
[INFO] running `Command { std: "docker" "create" "-v" "/var/lib/crater-agent-workspace/builds/worker-5/target:/opt/rustwide/target:rw,Z" "-v" "/var/lib/crater-agent-workspace/builds/worker-5/source:/opt/rustwide/workdir:ro,Z" "-v" "/var/lib/crater-agent-workspace/cargo-home:/opt/rustwide/cargo-home:ro,Z" "-v" "/var/lib/crater-agent-workspace/rustup-home:/opt/rustwide/rustup-home:ro,Z" "-e" "SOURCE_DIR=/opt/rustwide/workdir" "-e" "CARGO_TARGET_DIR=/opt/rustwide/target" "-e" "CARGO_INCREMENTAL=0" "-e" "RUST_BACKTRACE=full" "-e" "RUSTFLAGS=--cap-lints=forbid" "-e" "CARGO_HOME=/opt/rustwide/cargo-home" "-e" "RUSTUP_HOME=/opt/rustwide/rustup-home" "-w" "/opt/rustwide/workdir" "-m" "1610612736" "--user" "0:0" "--network" "none" "rustops/crates-build-env@sha256:a636fd89d022f18117e1dc8fb37a0a009933cdbbe082814857f0e2024962d47c" "/opt/rustwide/cargo-home/bin/cargo" "+cfbc6d4cf1acbac5c025acf8ed68929caa551df3" "check" "--frozen" "--all" "--all-targets" "--message-format=json", kill_on_drop: false }`
[INFO] [stdout] bc8379b6cb1eaac831ac135480a3ece0c2c6f3e9ac4be935af908e2e1476a060
[INFO] [stderr] WARNING: Your kernel does not support swap limit capabilities or the cgroup is not mounted. Memory limited without swap.
[INFO] running `Command { std: "docker" "start" "-a" "bc8379b6cb1eaac831ac135480a3ece0c2c6f3e9ac4be935af908e2e1476a060", kill_on_drop: false }`
[INFO] [stderr]     Checking chess v1.0.4 (/opt/rustwide/workdir)
[INFO] [stdout] error[E0432]: unresolved import `std::num::SignedInt`
[INFO] [stdout]  --> src/board.rs:3:5
[INFO] [stdout]   |
[INFO] [stdout] 3 | use std::num::SignedInt;
[INFO] [stdout]   |     ^^^^^^^^^^^^^^^^^^^ no `SignedInt` in `num`
[INFO] [stdout] 
[INFO] [stdout] 
[INFO] [stdout] error[E0554]: `#![feature]` may not be used on the beta release channel
[INFO] [stdout]  --> src/main.rs:1:1
[INFO] [stdout]   |
[INFO] [stdout] 1 | #![feature(core, io, unicode, collections, str_words)]
[INFO] [stdout]   | ^^^^^^^^^^^^^^^^^^^^^^^^^^^^^^^^^^^^^^^^^^^^^^^^^^^^^^
[INFO] [stdout] 
[INFO] [stdout] 
[INFO] [stdout] error[E0432]: unresolved import `std::num::SignedInt`
[INFO] [stdout]  --> src/board.rs:3:5
[INFO] [stdout]   |
[INFO] [stdout] 3 | use std::num::SignedInt;
[INFO] [stdout]   |     ^^^^^^^^^^^^^^^^^^^ no `SignedInt` in `num`
[INFO] [stdout] 
[INFO] [stdout] 
[INFO] [stdout] error[E0277]: the trait bound `color::Color: std::clone::Clone` is not satisfied
[INFO] [stdout]    --> src/color.rs:1:10
[INFO] [stdout]     |
[INFO] [stdout] 1   | #[derive(Copy, PartialEq)]
[INFO] [stdout]     |          ^^^^ the trait `std::clone::Clone` is not implemented for `color::Color`
[INFO] [stdout]     |
[INFO] [stdout]     = note: this error originates in a derive macro (in Nightly builds, run with -Z macro-backtrace for more info)
[INFO] [stdout] 
[INFO] [stdout] 
[INFO] [stdout] error[E0554]: `#![feature]` may not be used on the beta release channel
[INFO] [stdout]  --> src/main.rs:1:1
[INFO] [stdout]   |
[INFO] [stdout] 1 | #![feature(core, io, unicode, collections, str_words)]
[INFO] [stdout]   | ^^^^^^^^^^^^^^^^^^^^^^^^^^^^^^^^^^^^^^^^^^^^^^^^^^^^^^
[INFO] [stdout] 
[INFO] [stdout] 
[INFO] [stdout] error[E0277]: the trait bound `board::Tile: std::clone::Clone` is not satisfied
[INFO] [stdout]    --> src/board.rs:29:10
[INFO] [stdout]     |
[INFO] [stdout] 29  | #[derive(Copy, PartialEq)]
[INFO] [stdout]     |          ^^^^ the trait `std::clone::Clone` is not implemented for `board::Tile`
[INFO] [stdout]     |
[INFO] [stdout]     = note: this error originates in a derive macro (in Nightly builds, run with -Z macro-backtrace for more info)
[INFO] [stdout] 
[INFO] [stdout] 
[INFO] [stderr] error: could not compile `chess`.
[INFO] [stdout] error: aborting due to 4 previous errors
[INFO] [stdout] 
[INFO] [stdout] 
[INFO] [stderr] 
[INFO] [stdout] Some errors have detailed explanations: E0277, E0432, E0554.
[INFO] [stdout] 
[INFO] [stderr] To learn more, run the command again with --verbose.
[INFO] [stdout] For more information about an error, try `rustc --explain E0277`.
[INFO] [stdout] 
[INFO] [stderr] warning: build failed, waiting for other jobs to finish...
[INFO] [stdout] error[E0277]: the trait bound `color::Color: std::clone::Clone` is not satisfied
[INFO] [stdout]    --> src/color.rs:1:10
[INFO] [stdout]     |
[INFO] [stdout] 1   | #[derive(Copy, PartialEq)]
[INFO] [stdout]     |          ^^^^ the trait `std::clone::Clone` is not implemented for `color::Color`
[INFO] [stdout]     |
[INFO] [stdout]     = note: this error originates in a derive macro (in Nightly builds, run with -Z macro-backtrace for more info)
[INFO] [stdout] 
[INFO] [stdout] 
[INFO] [stderr] error: build failed
[INFO] [stdout] error[E0277]: the trait bound `board::Tile: std::clone::Clone` is not satisfied
[INFO] [stdout]    --> src/board.rs:29:10
[INFO] [stdout]     |
[INFO] [stdout] 29  | #[derive(Copy, PartialEq)]
[INFO] [stdout]     |          ^^^^ the trait `std::clone::Clone` is not implemented for `board::Tile`
[INFO] [stdout]     |
[INFO] [stdout]     = note: this error originates in a derive macro (in Nightly builds, run with -Z macro-backtrace for more info)
[INFO] [stdout] 
[INFO] [stdout] 
[INFO] [stdout] error: aborting due to 4 previous errors
[INFO] [stdout] 
[INFO] [stdout] 
[INFO] [stdout] Some errors have detailed explanations: E0277, E0432, E0554.
[INFO] [stdout] 
[INFO] [stdout] For more information about an error, try `rustc --explain E0277`.
[INFO] [stdout] 
[INFO] running `Command { std: "docker" "inspect" "bc8379b6cb1eaac831ac135480a3ece0c2c6f3e9ac4be935af908e2e1476a060", kill_on_drop: false }`
[INFO] running `Command { std: "docker" "rm" "-f" "bc8379b6cb1eaac831ac135480a3ece0c2c6f3e9ac4be935af908e2e1476a060", kill_on_drop: false }`
[INFO] [stdout] bc8379b6cb1eaac831ac135480a3ece0c2c6f3e9ac4be935af908e2e1476a060
